(i) = -d(i) + r(i). Let a be t(4). Calculate the highest common factor of a and 29.
29
Suppose -10*b + 3*z + 546 = -6*b, -b - 4*z + 127 = 0. Calculate the greatest common factor of b and 27.
27
Suppose l = -l + 84. Let w = 72 - l. Suppose -4*x - x - 27 = -f, 15 = -5*x. What is the greatest common factor of f and w?
6
Let a = 209 + -171. What is the highest common factor of 190 and a?
38
Let y = -7 + 142. Calculate the highest common factor of 20 and y.
5
Suppose -a - 10 = -2*p, 2*p - 5 - 17 = 4*a. Let v(h) = 11*h + 21. Let g be v(p). What is the highest common factor of g and 6?
6
Let d = 128 + -32. Calculate the greatest common factor of 72 and d.
24
Let f = 524 + -388. Let v(c) = c**2 - 6*c + 1. Let l be v(8). Calculate the greatest common divisor of f and l.
17
Suppose -3*l + 13 - 4 = 0. Let o(v) = -3*v + 4 + 7*v**2 - v**3 - 3*v**2 - 2. Let y be o(l). What is the greatest common divisor of y and 22?
2
Suppose -5*r + 4338 = -2702. Calculate the highest common factor of 44 and r.
44
Let h be -11 + 9 - -5*1. Suppose -x = 3*d - 17, d - 23 = -h*d - x. Suppose -4 - d = -2*n. What is the greatest common factor of n and 10?
5
Suppose 7*o - 2*o = f + 109, 72 = 4*o + 3*f. What is the greatest common factor of o and 21?
21
Let q(a) = -2*a**3 + 23*a**2 + 16*a - 20. Let c be q(12). Suppose 157 - 17 = 5*d. Calculate the greatest common divisor of c and d.
28
Suppose 8*h - 3*h + 60 = 0. Let c be (104/h)/((-4)/12). What is the greatest common divisor of 26 and c?
26
Let t be 8/(-2) + -6*6/(-36). Let i be (-1 + t)/2*-14. What is the greatest common factor of 4 and i?
4
Suppose 15 = 5*l + 3*r - 9, -5*l + 30 = 5*r. Suppose 2*p - 5*f - 80 = 0, -2*f + 112 = l*p - 8. What is the highest common factor of p and 60?
20
Let j(f) = -f**3 - 15*f**2 - 26*f - 10. Let k be j(-15). Calculate the highest common factor of k and 152.
76
Let t(h) = -4*h + 6. Let g be t(5). Let l be (-2)/g - 2/14. Suppose l = -w + 7 + 12. What is the highest common factor of 209 and w?
19
Let u(y) be the first derivative of y**3/3 + 5*y**2/2 - 6*y + 3. Let a be u(-7). Calculate the highest common factor of a and 40.
8
Let d = 28 + -53. Let p = -20 - d. Suppose 2*u = -p*u + 630. Calculate the greatest common divisor of u and 36.
18
Let v(w) = -2*w**3 - w**2 - w + 1. Let c be v(1). Let i be 3/3*(-138)/c. Calculate the greatest common divisor of i and 23.
23
Suppose i - 42 - 6 = 0. What is the greatest common divisor of 168 and i?
24
Suppose 1 = -b - 1. Let m = -2 - b. Let d(c) = -c**3 + c**2 + c + 220. Let q be d(m). Calculate the highest common factor of q and 20.
20
Let c = -578 - -596. Calculate the highest common factor of 42 and c.
6
Suppose -4*w - 12 = -0*l - 2*l, -5*l + 4*w = -12. Suppose 6 = 6*d - 3*d. Suppose l = m - d - 0. Calculate the highest common factor of 2 and m.
2
Let d = -101 - -181. What is the greatest common factor of d and 220?
20
Let n be (((-460)/15)/(-4))/((-2)/(-318)). Calculate the greatest common divisor of n and 23.
23
Let l be (-714)/(-60) - 3*(-3)/90. Let o = 17 - 1. What is the greatest common factor of l and o?
4
Suppose m + 8*p = 13*p + 260, 0 = 3*p. Calculate the greatest common factor of m and 208.
52
Suppose 5*v = 3*n + 1091 + 390, -4*n + 608 = 2*v. Let h be 8/(-28)*1 - v/(-14). Calculate the highest common factor of 3 and h.
3
Suppose f + 4*t - 80 = 68, 2*t + 2 = 0. What is the greatest common divisor of f and 19?
19
Suppose 0 = -44*c - 24*c + 408. What is the highest common divisor of 408 and c?
6
Let v = 400 - 105. Calculate the highest common divisor of 5 and v.
5
Let a be 6/60 - 4311/(-90). Calculate the greatest common factor of 112 and a.
16
Suppose 15 = c - 55. What is the greatest common factor of 50 and c?
10
Let v(s) = -4*s + 2. Let t be v(-6). Let o(u) = -569*u + 65 + 554*u - 3. Let q be o(-8). Calculate the greatest common factor of q and t.
26
Let o = 982 + -976. Calculate the greatest common divisor of 4 and o.
2
Suppose 6*g + 567 = 13*g. Let o = 4 + g. Calculate the highest common factor of o and 34.
17
Suppose v = 2*v + 5*z - 16, -90 = -3*v - z. What is the greatest common factor of 589 and v?
31
Let p = -235 - -394. Let c = -111 + p. Calculate the highest common divisor of 48 and c.
48
Suppose 48*i = 41*i + 3542. Calculate the greatest common factor of 23 and i.
23
Let m(o) = 450*o - 10. Let b be m(1). Calculate the highest common factor of 40 and b.
40
Let i be 681 + 11 + 24/(-3). Calculate the greatest common divisor of 12 and i.
12
Suppose -5*c + 640 = -5*f, 18*c + 3*f + 258 = 20*c. What is the highest common factor of c and 18?
18
Suppose 4*b - 33 = r, 0*r - 2*r + 25 = 5*b. Let k = b + 232. Suppose 4*o + 2*z = -3*z + k, z = 5*o - 335. Calculate the highest common divisor of o and 6.
6
Suppose 2064 = 5*m + 3*h, m - 80 - 346 = -5*h. What is the greatest common divisor of m and 3?
3
Let w(s) = s**2 + 10*s + 13. Let p be w(-8). Let d be ((-6)/(-4))/(p/(-20)). What is the highest common factor of 60 and d?
10
Let j(a) = -11*a. Let i be j(-9). What is the greatest common factor of 18 and i?
9
Suppose 8*h - 64 = 8. Calculate the highest common divisor of h and 171.
9
Suppose -3*y = -0*y - 384. Let t = y + 109. Let v = 402 - t. What is the highest common divisor of v and 15?
15
Suppose 10 = -3*t - 5*n, 3*n + 6 = -2*t - 0*n. Suppose -9*v + 11*v - 156 = t. What is the highest common factor of 195 and v?
39
Suppose -3*i - 37 = -49. Suppose -i*x = 4*h - 0*x - 56, 3*h - 48 = 3*x. What is the greatest common factor of h and 5?
5
Suppose -630 = -51*m + 45*m. Suppose 2*d = 5*d - 18. Let j be (-2)/d + (-64)/(-3). What is the highest common divisor of j and m?
21
Let q(d) = 17*d - 2. Suppose m - 2 - 1 = 0. Let n be q(m). Let b = 77 - n. What is the greatest common factor of b and 7?
7
Suppose 0 = 5*q - z - 2*z - 268, 0 = -5*q - 4*z + 296. Calculate the highest common factor of q and 32.
8
Suppose -13*q = -9*q - 100. Let n = q - 13. Calculate the greatest common factor of n and 3.
3
Suppose -57*y - 12820 + 36532 = 0. Calculate the greatest common factor of 32 and y.
32
Let q(r) be the first derivative of 44*r**3/3 + r**2 - r - 5. Let y be q(1). Suppose -4*a = a - y. What is the greatest common factor of 36 and a?
9
Suppose 6512 = 422*i - 406*i. What is the greatest common factor of 259 and i?
37
Let c = 0 + 4. Suppose -10*j + c + 36 = 0. Calculate the highest common factor of j and 1.
1
Let w be -3 - (4 + -1 + -1). Let u(t) = -t + 10. Let k be u(w). Suppose 3*x + 9 = k. What is the greatest common factor of x and 1?
1
Let z = 382 + -364. Suppose 12 = -5*c + 7*c. Calculate the greatest common divisor of c and z.
6
Let i be 9/6*(-16)/(-6). Let u = 12 + -10. Suppose -h - 36 = -u*h. What is the highest common divisor of i and h?
4
Let l be (-62)/(-155) - (-56)/10. What is the greatest common divisor of l and 14?
2
Let d = 126 + -76. Let v = -21 + d. What is the highest common factor of v and 29?
29
Let m(u) = 20 - u**2 - 20 + 8*u + 9. Let w be m(7). Calculate the highest common factor of w and 8.
8
Suppose -58 = -z - 3*z + 5*a, 32 = 2*z - 4*a. Let u = 472 - 454. Calculate the highest common divisor of u and z.
6
Let b = 176 - 262. Let j = 97 + b. What is the highest common factor of j and 297?
11
Let p = -34 - -34. Suppose -4*d - n + 23 = 0, d - 4*n = -p*d + 10. Let w be (-2)/(-4)*d - -2. What is the greatest common divisor of w and 15?
5
Let b be (-2)/7 - 258/(-21). Suppose g - 5*o - 15 = 0, -6*g + 9*g - 4*o = 23. Let m = b - g. Calculate the highest common factor of m and 1.
1
Let m be (-6)/(-4) + (-4)/8. Suppose 49 - 56 = -7*k. What is the greatest common factor of k and m?
1
Suppose -3*p - 3*b - 30 = 0, -5*p + 20 = -5*b + 90. Let q be (44/p)/((-4)/12). Let t = q + -9. Calculate the greatest common factor of t and 3.
1
Let x be (1*-3)/(18/(-12)). Let z(t) be the second derivative of 17*t**3/6 + t**2 + 2*t. Let j be z(x). What is the highest common factor of 12 and j?
12
Let d = 26 - 1. Suppose -5*f + 6*f + d = 0. Let c = -15 - f. What is the highest common factor of 70 and c?
10
Let v be 44/(-6)*10/(180/(-189)). Calculate the greatest common divisor of 539 and v.
77
Let z = -220 + 226. Calculate the greatest common factor of 10 and z.
2
Let c = 114 - 102. What is the highest common divisor of 18 and c?
6
Suppose -4*d + 3*g = 4*g - 131, 95 = 3*d + 4*g.